on factor of y and i.
8
Let a be 7/42*-4*(-141)/2. Let k = 68 - a. Suppose 5*p - 4*p - k = 0. What is the greatest common divisor of 189 and p?
21
Let b = -245 + 243. Let c be ((282/(-9))/b)/(14/84). What is the highest common factor of c and 235?
47
Let n = 6813 - 4963. Calculate the highest common divisor of n and 74.
74
Let w be (-188850)/(-29) + (-41 - 24927/(-609)). What is the greatest common divisor of w and 222?
74
Suppose 19*f = 9*f + 280. Suppose -4*z + c = -c - 4, 2*z = -2*c + 14. Suppose z*b = 144 + 276. What is the highest common divisor of b and f?
28
Let o = 36 - 108. Let u be ((-4)/3)/(4/o). Suppose -5*a + 841 = -c, -6*a - 501 = -9*a - 3*c. Calculate the highest common divisor of a and u.
24
Let t be (-2)/3 + (-11)/((-99)/60). Suppose -t*s - 19 - 41 = 0. Let n be (4 + -9)/(s/12). What is the greatest common divisor of n and 3?
3
Suppose 4*a = 3*a + 2*v + 2, 4 = 2*a - 3*v. Suppose a = -3*z + 8. Suppose z*o - 108 = -2*o. What is the highest common factor of 243 and o?
27
Let f = 8 + -13. Let g = f + 7. Suppose -125*m + 467 - 241 + 24 = 0. Calculate the greatest common factor of g and m.
2
Suppose 18*r - 22*r = -5*o + 23, -19 = -4*o + 3*r. Suppose -20 = -o*i + 15. Calculate the highest common factor of 15 and i.
5
Let i = 52 - 54. Let q be (3 - 4) + i - (-22)/1. Suppose -18*k = -q*k + 21. Calculate the greatest common factor of k and 21.
21
Let x = 44188 + -44159. Let y(m) = m + 3. Let g be y(0). Suppose 0 = -i + g + 113. Calculate the highest common divisor of i and x.
29
Let j(w) = 5*w**3 + 2*w**2 + 31*w - 163. Let x be j(5). What is the greatest common factor of 1856 and x?
29
Let u(o) = -110*o - 1. Let j be u(-2). Let n = -50 - -52. Suppose -3*g + 139 = n*b, 3*b + j = g + 4*g. Calculate the greatest common factor of 18 and g.
9
Let n be (((-1)/5*-10)/(-6))/((-1)/192). Calculate the greatest common divisor of n and 10880.
64
Let h(u) = -2*u**2 - 17*u - 18. Let w be (-1 - -3)/2*-7. Let z be h(w). Suppose -z*l = 7 - 22. Calculate the highest common factor of 95 and l.
5
Let c(s) = 35*s - 26. Let x(j) = 11*j - 9. Let q(n) = -4*c(n) + 11*x(n). Suppose 10 - 25 = 3*l. Let y be q(l). Calculate the highest common divisor of y and 40.
20
Suppose -r = 3*t + 2*r - 6, -4*t - 5*r + 8 = 0. Let d be 5/(-20)*t*-6. Calculate the greatest common divisor of d and 81.
3
Suppose -3*s - 30 = -t, 2*t = -260*s + 263*s + 72. What is the highest common divisor of t and 1782?
6
Suppose -1044 = 5*b + 741. Let u = 663 + b. Suppose 75*r - 67*r = 272. Calculate the highest common factor of u and r.
34
Suppose 5*k + 3*w = 42475, 4*k = -26*w + 21*w + 33967. What is the highest common divisor of k and 14?
14
Let q(p) = 247*p**3 - 5*p**2 + 4. Let j be q(1). Let l = j + -234. Suppose -5*n = -0*n - 30. Calculate the highest common factor of n and l.
6
Let o = -47 - -124. Suppose o + 21 = 7*m. Suppose 3*n + 5*z + m = 0, -z = -0*n + 2*n. What is the highest common factor of 1 and n?
1
Let n = 429 + -9. Calculate the greatest common factor of n and 182.
14
Suppose 0 = -4*a - i + 7, 0 = 5*a - 0*i + 5*i - 5. Let j be (51/34)/(81/(-42) + a). Calculate the greatest common factor of j and 3.
3
Suppose -3*k + 2*j + 112 = 0, -2*k + 5*j - 2*j = -78. Let n be -4 + -1 + (137 - k). Calculate the greatest common factor of n and 3.
3
Suppose 28*s + 56*s = 1862 - 182. Calculate the highest common divisor of 8 and s.
4
Suppose 4*h = 5*s + 260, -s - 7 - 117 = -2*h. Suppose -9*n + 10*n + h = 0. Let d be n/(-75) + (-32)/(-10). Calculate the greatest common factor of d and 28.
4
Let j = -2 - -11. Let b = -765 + 1180. Suppose 413*c = b*c - 72. Calculate the greatest common factor of c and j.
9
Suppose v - 4*g + 14 = -1, 10 = 2*g. Suppose -v*u - 5*x = -u + 9, -13 = 3*u + 5*x. Let i be 0 + 50 + (u - 5). What is the greatest common factor of i and 7?
7
Suppose 0 = l - 41 + 37. Suppose -3*k + u = -l*u - 615, -5*u = 0. Let j(m) = -m**3 - m + 82. Let d be j(0). Calculate the greatest common divisor of k and d.
41
Let s(n) = 2*n**2 - 33*n - 69. Let z be s(21). Calculate the highest common divisor of 44 and z.
4
Suppose 36 = 2*y - 20. Let w = -367 + 353. Let k = w + y. Calculate the highest common factor of 21 and k.
7
Suppose 3*w + 5*s - 116 = 0, 0 = -w + 4*s - 0 - 1. Let u = 102 + -66. Calculate the highest common divisor of u and w.
9
Let k = -2705 - -2719. What is the greatest common divisor of 26 and k?
2
Let j(i) = 5*i**2 - i + 16. Let z be j(3). Suppose 0 = -z*t + 46*t + 96. Let n be 16/((-2)/(-5) + 0). Calculate the highest common factor of t and n.
8
Let r(h) = -34*h**3 - h**2 + 322*h + 642. Let s be r(-2). What is the highest common factor of 357 and s?
7
Let v(r) = r + 8. Let g be v(-6). Suppose -8 - g = -5*l. Suppose l*s + s - 12 = 0. Calculate the greatest common factor of s and 28.
4
Let q = 73 - 40. Let r(l) = -l**3 + 30*l**2 + 99*l + 39. Let i be r(q). Calculate the highest common divisor of i and 52.
13
Let p(x) = -x**2 + 44*x - 253. Let z be p(7). Let m = 92 + -47. What is the highest common divisor of m and z?
3
Let u = -9517 - -9605. Calculate the highest common divisor of u and 242.
22
Suppose -3*b = -h - 4, h = -0*b - 3*b + 8. Suppose -h*i + 9*w - 6*w = -54, -42 = -2*i - 3*w. What is the greatest common divisor of 192 and i?
24
Suppose 0 = 5*r + 4*q + 3400, q = 4*q. Let w = r + 1247. What is the highest common divisor of w and 63?
63
Let l(a) = -2*a**2 - 4*a - 2. Let r be l(3). Let h(n) = -n**2 - 33*n - 15. Let m be h(r). Calculate the greatest common divisor of m and 306.
17
Suppose 60*o = 18*o + 336. Suppose -10*d = -7*d. Suppose d = -3*j + 5*h + 105, -2*j + 102 - 19 = h. Calculate the highest common factor of j and o.
8
Suppose -20*d + 15470 = 58*d + 13*d. Calculate the highest common factor of 578 and d.
34
Suppose -391*s - 57 + 543 = -385*s. What is the greatest common divisor of s and 36?
9
Suppose -731 - 721 = -6*s. Calculate the greatest common divisor of 143 and s.
11
Let r be (((-15)/3)/10)/(2/(-236)). Suppose 0 = 5*o - 51 - r. Let m = 25 - o. What is the highest common divisor of 33 and m?
3
Let v(y) = 81*y**2 + 2*y - 1. Let h(s) = s**2. Let i(c) = -4*h(c) + v(c). Let t be i(1). Let b = 148 - 142. What is the highest common divisor of b and t?
6
Let i be ((-15)/(-12))/((-11)/220). Let o(p) = -p**2 - 28*p - 60. Let l be o(i). Calculate the highest common factor of 300 and l.
15
Suppose -k - 5*o = -268, o + 86 + 1124 = 5*k. Let t be 3/(-30) + k/30. Calculate the highest common factor of 344 and t.
8
Suppose 741 = 5*r + 3*b, -6*r - 296 = -8*r - b. What is the greatest common factor of 1281 and r?
21
Suppose 3*f + 9 = -3*d + 33, 0 = -4*f + 4*d - 8. Let y be f/(-6) + (-111)/(-6). Let w = y + 126. What is the highest common factor of w and 18?
18
Let o be ((-1)/(-2))/((-36)/(-22824)). Let x = o + -296. What is the greatest common factor of 77 and x?
7
Let n = 503 + -506. Let d be (48/(-10))/((-123)/40 - n). Calculate the greatest common divisor of d and 32.
32
Suppose -5*z + 278 = 11*l, -10*l + 4*z - 43 = -11*l. What is the greatest common divisor of 25139 and l?
23
Suppose -5*z + l + 6333 = 0, -2*l = -18*z + 17*z + 1263. Calculate the highest common factor of z and 724.
181
Let v(r) = -33*r - 291. Let t be v(-11). Calculate the greatest common divisor of t and 296.
8
Suppose -4*p - 5*k + 4439 = 0, 7*k - 3357 = -5*p + 2194. What is the highest common divisor of p and 140?
14
Let x be 1052/22 - (-5 + 318/66). Suppose 0 = 7*m - 4*m - 72. What is the highest common divisor of x and m?
24
Let a = -27 + 114. Suppose -110*v + 102*v + 1624 = 0. What is the greatest common divisor of v and a?
29
Let g(d) = d + 26. Let m be (-3 - ((-432)/(-15))/(-3))*-5. Let v = 16 + m. Let u be g(v). What is the highest common divisor of u and 63?
9
Let v(o) = 77*o + 4. Let i be v(8). What is the highest common divisor of i and 6?
2
Suppose 0 = -19*v + 1403 + 15184. Let z = v + -693. What is the highest common factor of z and 135?
45
Let x(j) = 2*j**3 - 11*j**2 + 6*j + 8. Let w be x(6). Let i = w + -80. Let k be ((-396)/154)/(i - (-2)/(-14)). What is the highest common factor of k and 24?
6
Suppose -2104 = -3*b - 5*d, -5*b + 28*d + 3480 = 33*d. Calculate the highest common divisor of 1088 and b.
16
Let b = -14785 - -14850. What is the greatest common divisor of b and 225?
5
Let b(z) be t